
7, 53, 139, 1091
What are the prime factors of 46849138?
2, 7, 53, 103, 613
What are the prime factors of 10376320?
2, 5, 31, 523
List the prime factors of 730973640.
2, 3, 5, 6091447
List the prime factors of 3481970686.
2, 28687, 60689
List the prime factors of 124377550.
2, 5, 11, 226141
List the prime factors of 820461501.
3, 30387463
List the prime factors of 78092071.
19, 89, 46181
What are the prime factors of 200190327?
3, 19, 43, 81677
What are the prime factors of 2034482874?
2, 3, 19, 397, 44953
What are the prime factors of 248926166?
2, 124463083
What are the prime factors of 153093556?
2, 7, 11, 73, 619
What are the prime factors of 41188052?
2, 103, 99971
What are the prime factors of 392927?
392927
What are the prime factors of 275422586?
2, 137711293
List the prime factors of 801983358.
2, 3, 11, 1367, 2963
List the prime factors of 346996430.
2, 5, 11, 19, 166027
What are the prime factors of 1128435822?
2, 3, 62690879
What are the prime factors of 503519738?
2, 251759869
What are the prime factors of 15279540?
2, 3, 5, 254659
List the prime factors of 82028448.
2, 3, 271, 1051
List the prime factors of 1016145663.
3, 13, 89, 292753
List the prime factors of 162979869.
3, 13, 4178971
List the prime factors of 917069964.
2, 3, 17, 1657, 2713
List the prime factors of 645067055.
5, 73, 1767307
List the prime factors of 711459210.
2, 3, 5, 7, 11, 47, 6553
What are the prime factors of 403083624?
2, 3, 37, 453923
What are the prime factors of 884547308?
2, 37, 229, 26099
List the prime factors of 634772135.
5, 571, 222337
List the prime factors of 4270611.
3, 19, 74923
What are the prime factors of 6732213215?
5, 7, 13, 643, 23011
What are the prime factors of 41253750?
2, 3, 5, 19, 193
List the prime factors of 32309089.
23, 1404743
What are the prime factors of 710382141?
3, 7, 79, 142733
What are the prime factors of 212573778?
2, 3, 53, 668471
What are the prime factors of 107499841?
1831, 58711
What are the prime factors of 27471776?
2, 79, 10867
What are the prime factors of 2472030199?
37, 66811627
List the prime factors of 1151265460.
2, 5, 23, 829, 3019
List the prime factors of 93115616.
2, 11, 113, 2341
What are the prime factors of 31666410?
2, 3, 5, 17, 6899
List the prime factors of 135328983.
3, 4079, 11059
List the prime factors of 472270822.
2, 23, 107, 229, 419
List the prime factors of 1019057130.
2, 3, 5, 7, 13, 124427
What are the prime factors of 105899652?
2, 3, 139, 21163
List the prime factors of 887428022.
2, 13, 19, 1796413
List the prime factors of 216000250.
2, 5, 31, 47, 593
What are the prime factors of 304757341?
7, 43536763
What are the prime factors of 302762002?
2, 151381001
List the prime factors of 553031383.
553031383
List the prime factors of 78537927.
3, 13, 61, 33013
List the prime factors of 6580260.
2, 3, 5, 139, 263
List the prime factors of 225799891.
47, 4804253
List the prime factors of 664675849.
101, 1747, 3767
What are the prime factors of 1575611867?
17, 1483, 62497
What are the prime factors of 2616566982?
2, 3, 2357, 185021
List the prime factors of 73286647.
7, 10469521
What are the prime factors of 55690572?
2, 3, 7, 17, 59, 661
List the prime factors of 294574206.
2, 3, 953, 51517
List the prime factors of 772368459.
3, 71, 773, 4691
What are the prime factors of 72274311?
3, 257, 31247
What are the prime factors of 3529123654?
2, 7, 7219, 34919
What are the prime factors of 4071801658?
2, 23203, 87743
What are the prime factors of 88002715?
5, 23, 765241
What are the prime factors of 153203769?
3, 101, 168541
List the prime factors of 20307892.
2, 11, 103, 4481
What are the prime factors of 2261482569?
3, 277, 907133
What are the prime factors of 65135531?
2053, 31727
What are the prime factors of 1346618377?
13, 103586029
What are the prime factors of 831456131?
11, 19, 67, 59377
List the prime factors of 425211136.
2, 7, 237283
List the prime factors of 29634666.
2, 3, 4939111
What are the prime factors of 165958841?
31, 283, 18917
List the prime factors of 161959563.
3, 229, 78583
What are the prime factors of 5512392?
2, 3, 76561
List the prime factors of 6001765358.
2, 83, 197, 223, 823
List the prime factors of 13277676.
2, 3, 83, 13331
What are the prime factors of 1808879863?
7, 3989, 64781
What are the prime factors of 6773629?
6773629
List the prime factors of 4333327019.
7, 619046717
List the prime factors of 8102041940.
2, 5, 19, 43, 109, 4549
List the prime factors of 64765013.
47, 293, 4703
What are the prime factors of 842839867?
19, 53, 61, 13721
What are the prime factors of 1927306924?
2, 481826731
What are the prime factors of 199134018?
2, 3, 31, 47, 2531
List the prime factors of 117836711.
839, 140449
List the prime factors of 138449292.
2, 3, 17, 41, 16553
What are the prime factors of 160014863?
17, 503, 18713
What are the prime factors of 136285956?
2, 3, 61, 137, 151
List the prime factors of 2340189.
3, 43, 6047
What are the prime factors of 239329608?
2, 3, 7, 1424581
List the prime factors of 836239439.
7, 17066111
What are the prime factors of 2084300129?
157, 13275797
List the prime factors of 1783257245.
5, 7, 11, 17, 38923
What are the prime factors of 54553121?
7, 22721
What are the prime factors of 114374134?
2, 7, 1167083
What are the prime factors of 5405276?
2, 23, 41, 1433
What are the prime factors of 892375712?
2, 23, 71, 17077
List the prime factors of 163985112.
2, 3, 2277571
List the prime factors of 671925087.
3, 74658343
What are the prime factors of 81866238?
2, 3, 43, 53, 5987
List the prime factors of 47415644.
2, 3359, 3529
List the prime factors of 171309628.
2, 7, 1619, 3779
List the prime factors of 1963912936.
2, 37, 6634841
List the prime factors of 33618031.
33618031
List the prime factors of 252847454.
2, 126423727
List the prime factors of 5598725.
5, 11, 20359
List the prime factors of 1352091810.
2, 3, 5, 45069727
List the prime factors of 105096479.
31, 3390209
What are the prime factors of 939760323?
3, 17, 18426673
What are the prime factors of 27404993?
7, 11, 355909
List the prime factors of 60462224.
2, 61, 61949
What are the prime factors of 3401070961?
29, 349, 336041
List the prime factors of 64118156.
2, 16029539
What are the prime factors of 15784277?
211, 239, 313
What are the prime factors of 89100124?
2, 22275031
What are the prime factors of 1268944095?
3, 5, 5867, 14419
What are the prime factors of 24805094?
2, 12402547
What are the prime factors of 98020010?
2, 5, 11, 891091
List the prime factors of 36663205.
5, 7332641
List the prime factors of 104663804.
2, 7, 533999
List the prime factors of 3818524187.
3818524187
List the prime factors of 328339538.
2, 31, 761, 6959
List the prime factors of 2231362499.
7237, 308327
List the prime factors of 1067291219.
31, 1987, 17327
List the prime factors of 22865931.
3, 11, 230969
List the prime factors of 40523497.
7, 5789071
List the prime factors of 119954644.
2, 283, 105967
What are the prime factors of 304488277?
2399, 126923
List the prime factors of 85966752.
2, 3, 83, 10789
List the prime factors of 333733581.
3, 12360503
List the prime factors of 13880343.
3, 31, 149251
List the prime factors of 726078608.
2, 61, 743933
List the prime factors of 66061153.
66061153
List the prime factors of 244298074.
2, 122149037
List the prime factors of 448447834.
2, 224223917
What are the prime factors of 251399822?
2, 3907, 32173
List the prime factors of 1994682120.
2, 3, 5, 16622351
What are the prime factors of 2270633174?
2, 30391, 37357
What are the prime factors of 225420959?
19, 103, 229, 503
List the prime factors of 1736721719.
521, 3333439
List the prime factors of 42054889.
17, 41, 60337
List the prime factors of 870242731.
19, 5527, 8287
List the prime factors of 334665016.
2, 7, 709, 8429
List the prime factors of 86829420.
2, 3, 5, 131, 11047
What are the prime factors of 6898182?
2, 3, 31, 37087
List the prime factors of 48388350.
2, 3, 5, 322589
List the prime factors of 1956938250.
2, 3, 5, 19, 191, 719
What are the prime factors of 292999182?
2, 3, 7, 17, 101, 239
List the prime factors of 1213214963.
1213214963
List the prime factors of 108954610.
2, 5, 10895461
List the prime factors of 646023548.
2, 161505887
What are the prime fact